952. Calculate v(21).
-161
Let t(m) = -8684*m - 156259. Calculate t(-18).
53
Let a(j) = -6*j**3 + 413*j**2 + 1382*j - 972. Give a(72).
36
Let r(t) = 145*t + 49038. Give r(-338).
28
Let q(k) = -1019*k - 657284. What is q(-645)?
-29
Let z(f) = -8537*f - 84956. Determine z(-10).
414
Let u(k) = -4*k**3 + 117*k**2 + 962*k - 219. Determine u(36).
-579
Let v(x) = 3*x**2 + 38*x - 8732. Determine v(48).
4
Let k(a) = 2*a**3 - 377*a**2 + 1703*a - 75489. What is k(185)?
-9
Let m(f) = 4*f**3 + 476*f**2 + 6934*f - 200. What is m(-102)?
4
Let v(i) = -194*i**2 + 2517*i + 44. Give v(13).
-21
Let m(d) = -d**3 + 36*d**2 + 115*d - 425. Calculate m(-6).
397
Let s(c) = 245*c**2 + 62*c + 57. What is s(-1)?
240
Let a(r) = -8*r**2 + 983*r + 1358. Calculate a(124).
242
Let q(b) = 2*b**2 - 128*b - 9647. Give q(110).
473
Let w(d) = 1285*d + 77100. What is w(-60)?
0
Let u(a) = a**3 - 6*a**2 + 3254*a - 6501. Determine u(2).
-9
Let u(x) = -627*x + 1793. What is u(1)?
1166
Let g(h) = -1704*h + 511207. Give g(300).
7
Let p(d) = -48813*d + 195258. Give p(4).
6
Let p(s) = s**3 - 52*s**2 + 394*s + 89. What is p(45)?
3644
Let f(t) = -616*t + 2606. Determine f(6).
-1090
Let l(p) = 2*p**2 - 9346*p - 702550. Determine l(-74).
6
Let i(t) = t**2 - 6651*t + 39904. Give i(6).
34
Let t(c) = -48544*c - 1456342. Calculate t(-30).
-22
Let t(m) = -m**3 - 6*m**2 + 427*m - 7. Calculate t(13).
2333
Let j(v) = -80404*v - 1527668. What is j(-19)?
8
Let l(o) = 106*o**2 + 38*o - 997. What is l(-5)?
1463
Let u(l) = -1834*l + 51. Determine u(0).
51
Let j(d) = -d**3 - d**2 + 1715*d + 8470. What is j(-5)?
-5
Let s(i) = 8*i**3 - 41*i**2 + 20*i - 81. Calculate s(5).
-6
Let w(o) = -105244*o - 210502. What is w(-2)?
-14
Let t(v) = -24*v**3 - 575*v**2 + 53*v + 112. Calculate t(-24).
-584
Let u(i) = 4*i**2 + 1071*i + 34696. Calculate u(-230).
-34
Let y(c) = 7*c**3 + 170*c**2 - 388*c - 10512. Give y(-24).
-48
Let m(o) = -2034*o - 73344. Determine m(-36).
-120
Let q(h) = -2*h**3 + 71*h**2 - 502*h - 1692. Give q(23).
-13
Let c(y) = -y**2 - 341*y - 6707. What is c(-21)?
13
Let y(l) = l**3 - 9*l**2 + 3365*l - 16764. Calculate y(5).
-39
Let l(n) = n**2 - 1100*n - 183308. Give l(-147).
1
Let l(x) = -41404*x - 124147. Give l(-3).
65
Let y(f) = -12*f**2 - 633*f - 1402. Calculate y(-50).
248
Let c(o) = 9*o**2 + 23*o - 671. What is c(-10)?
-1
Let c(d) = -6*d**2 - 3205*d + 22540. Calculate c(7).
-189
Let y(t) = 3*t**2 - 1040*t - 17777. Calculate y(363).
10
Let o(j) = -69*j**2 + 596*j - 146. Give o(8).
206
Let l(u) = u**3 - 23*u**2 - 413*u + 9663. Give l(22).
93
Let l(m) = -31144*m + 591737. Determine l(19).
1
Let g(r) = 470*r + 1682. What is g(-7)?
-1608
Let h(l) = 8958*l + 170218. What is h(-19)?
16
Let i(a) = -3583*a + 759590. Calculate i(212).
-6
Let u(p) = -37287*p - 74593. Calculate u(-2).
-19
Let t(i) = -i**2 + 499*i - 62121. Give t(238).
-3
Let o(j) = 95*j - 526. Calculate o(-10).
-1476
Let m(c) = 451*c - 25155. Determine m(56).
101
Let h(r) = 5*r**3 - 17*r**2 - 148*r + 728. Give h(5).
188
Let k(w) = -21*w**2 - 1865*w - 19353. Give k(-12).
3
Let i(o) = -28923*o + 6652270. Give i(230).
-20
Let t(g) = 160499*g + 481498. Calculate t(-3).
1
Let o(u) = -2*u**2 + 291*u - 9219. What is o(46)?
-65
Let f(h) = -407*h**2 + 2097*h + 3. What is f(5)?
313
Let s(o) = -40756*o - 245647. Determine s(-6).
-1111
Let m(x) = -x**2 + 103*x - 3249. Determine m(57).
-627
Let s(r) = -r**2 - 111*r - 2556. Give s(-34).
62
Let r(z) = -308*z + 56594. Determine r(184).
-78
Let g(i) = -i**2 - 4*i + 1720. Determine g(0).
1720
Let n(l) = -l**2 + 7812*l + 2265696. What is n(-280)?
-64
Let o(j) = 1167*j**2 - 1098*j - 68. Give o(1).
1
Let w(j) = 5*j**2 - 779*j + 5082. Give w(149).
16
Let d(a) = -2*a**2 + 1725*a + 13920. Calculate d(-8).
-8
Let q(k) = -k**3 + k**2 + 990*k + 53. Give q(-31).
115
Let q(b) = b**2 - 4139*b + 20663. Calculate q(5).
-7
Let i(h) = 811*h - 39960. Determine i(49).
-221
Let n(c) = 2*c**3 - 60*c**2 + 455*c - 3930. Calculate n(24).
78
Let t(d) = 4*d**2 + 3036*d - 107858. Give t(34).
-10
Let n(g) = -319*g - 2975. Calculate n(-10).
215
Let h(a) = -1122*a - 74027. Determine h(-66).
25
Let t(w) = -54*w + 1201. Calculate t(26).
-203
Let b(s) = -5*s**2 + 1009*s + 15136. What is b(-15)?
-1124
Let d(u) = -8*u**3 + 214*u**2 - 149*u + 85. Calculate d(26).
267
Let l(r) = -4*r**2 - 64*r + 1500. Calculate l(-29).
-8
Let h(c) = -142*c**2 + 9625*c + 167. Calculate h(68).
-1941
Let i(j) = -19*j**2 - 40*j - 186. Determine i(-9).
-1365
Let m(r) = 4*r**3 + 236*r**2 + 258*r + 1430. Give m(-58).
-78
Let p(h) = -256150*h - 768446. Calculate p(-3).
4
Let q(w) = -12630*w + 12051. Calculate q(1).
-579
Let a(l) = -1631*l + 19080. What is a(12)?
-492
Let x(h) = 5536*h**2 - 49829*h + 46. Determine x(9).
1
Let x(b) = -4399*b + 892987. What is x(203)?
-10
Let j(s) = -2*s**3 - 11*s**2 + 1920*s + 1. Determine j(0).
1
Let o(h) = 41*h**2 + 18498*h + 3100. Determine o(-451).
-57
Let g(p) = p**3 + 22*p**2 - 220*p - 194. Determine g(8).
-34
Let y(n) = -n**3 + 4*n**2 - 492*n + 2004. Determine y(4).
36
Let h(n) = 8439*n + 50139. What is h(-6)?
-495
Let x(w) = -2*w**2 - 559*w + 6095. Give x(-290).
5
Let l(x) = 129*x**2 - 95970*x - 4533. Determine l(744).
-69
Let g(y) = -3*y**3 + 205*y**2 - 253*y - 807. Determine g(67).
198
Let o(y) = y**2 - 353*y + 74. Calculate o(353).
74
Let b(u) = 21*u**2 - 9*u - 14. Determine b(-2).
88
Let j(x) = 3*x**2 - 2758*x + 212779. Give j(85).
24
Let i(t) = t**3 - 2*t**2 + 815*t - 3267. Calculate i(4).
25
Let w(f) = 95840*f - 383632. Determine w(4).
-272
Let z(h) = -110243*h - 992078. Determine z(-9).
109
Let x(h) = 596*h + 6027. What is x(-11)?
-529
Let h(p) = -47607*p - 190346. Calculate h(-4).
82
Let y(o) = 88900*o - 5511792. Give y(62).
8
Let g(r) = -r**2 + 973*r + 34248. What is g(-34)?
10
Let r(x) = -x**3 + 4*x**2 + 216*x - 1357. Give r(7).
8
Let v(d) = -29*d**2 + 189*d - 573. What is v(3)?
-267
Let t(k) = -k**2 - 3156*k - 610443. Calculate t(-207).
0
Let c(m) = -2839*m - 212932. What is c(-75)?
-7
Let w(x) = 766*x - 1077. Determine w(1).
-311
Let w(m) = 2*m**2 - 442*m + 10057. Give w(195).
-83
Let a(w) = -w**2 - 16489*w + 1026211. Give a(62).
49
Let u(s) = -161071*s - 11113905. Determine u(-69).
-6
Let u(v) = 2598*v - 67531. Give u(26).
17
Let i(n) = 56654*n - 110928539. Determine i(1958).
-7
Let w(g) = 486*g**2 - 786*g - 12774. What is w(6)?
6
Let o(t) = -245224*t + 18637025. What is o(76)?
1
Let m(k) = 175*k**2 + 1434*k - 1264. Determine m(-9).
5
Let x(d) = 115182*d - 1382187. Determine x(12).
-3
Let v(p) = -440*p**2 + 7752*p - 4615. Calculate v(17).
9
Let n(o) = -7*o**3 - 251*o**2 - 346*o - 4761. Determine n(-35).
-1
Let i(q) = -167*q - 2522. Calculate i(-15).
-17
Let n(c) = 22*c**3 + 68*c**2 + 37*c + 125. What is n(-3)?
32
Let x(z) = 1794*z + 5259. Determine x(-4).
-1917
Let p(t) = 740*t**2 + 45142*t + 143. Determine p(-61).
21
Let v(i) = -239*i**2 + 2*i + 145. Calculate v(-4).
-3687
Let z(m) = 2*m**2 + 2000*m - 16111. What is z(8)?
17
Let w(n) = -4*n**2 + 139*n - 1090. Give w(13).
41
Let i(r) = 12177*r - 85227. Determine i(7).
12
Let x(p) = -1902*p**2 + 131242*p - 145. Give x(69).
131
Let p(y) = 2*y**3 - 21*y**2 - 1353*y + 8625. Determine p(6).
183
Let t(r) = 44*r**2 + 445*r - 209. Give t(-10).
-259
Let z(g) = -65301*g + 28797758. Give z(441).
17
Let u(z) = 9*z**2 - 1604*z - 14857. Determine u(187).
-84
Let h(n) = -14*n**2 + 120912*n + 7. Give h(0).
7
Let m(k) = -10*k**3 + 9181*k**2 - 935*k + 15551. Give m(918).
-55
Let r(j) = -8*j**3 - 355*j**2 + 2697*j - 293. Calculate r(-51).
13
Let n(v) = 1235*v + 142125. Give n(-115).
100
Let w(g) = 14408*g + 158478. Give w(-11).
-10
Let u(c) = -c**3 + 4*c**2 + 45*c + 141. Give u(-7).
365
Let c(m) = 130*m**2 - 64*m + 270. What is c(3)?
1248
Let s(g) = g**3 - 82*g**2 + 1450*g + 142. Give s(58).
3506
Let q(l) = 2490*l - 131897. Give q(53).
73
Let b(m) = -80269*m - 561980. Give b(-7).
-97
Let q(j) = -212900*j + 2341894. What is q(11)?
-6
Let u(o) = -o**2 + 170*o - 7143. Give u(67).
-242
Let x(s) = 147803*s + 886813. Determine x(-6).
-5
Let x(g) = -3*g**3 + 1215*g**2 - 11846*g - 1417. Give x(395).
163
Let h(a) = 718*a + 128519. What is h(-179)?
-3
Let y(b) = 741*b - 43270. Give y(58).
-292
Let w(d) = 701*d**2 - 7780*d + 796. Give w(11).
37
Let b(i) = -262*i - 14948. Give b(-57).
-14
Let u